{"id":2454,"date":"2020-05-22T07:07:36","date_gmt":"2020-05-22T06:07:36","guid":{"rendered":"http:\/\/www.labellemontoise.com\/?page_id=2454"},"modified":"2026-04-02T08:20:45","modified_gmt":"2026-04-02T07:20:45","slug":"carte-restaurant-la-belle-montoise","status":"publish","type":"page","link":"https:\/\/www.labellemontoise.com\/index.php\/carte-restaurant-la-belle-montoise\/","title":{"rendered":"BUFFET &#038; SAVEURS &#8211; TARIFS"},"content":{"rendered":"\n<h2 class=\"wp-block-heading has-text-align-center\">Buffet &amp; Saveurs: Unique \u00e0 Beaumont de Lomagne !<\/h2>\n\n\n\n<p class=\"has-text-align-center\"><\/p>\n\n\n\n<hr class=\"wp-block-separator has-alpha-channel-opacity\"\/>\n\n\n\n<p class=\"has-large-font-size\"><strong>Le rendez-vous du midi<\/strong><\/p>\n\n\n\n<p>En semaine, notre formule bu!et \u00e0 25\u20ac vous permet de d\u00e9jeuner \u00e0 votre rythme, sans compromis sur la qualit\u00e9.<\/p>\n\n\n\n<p>Que vous soyez press\u00e9 ou que vous souhaitiez prendre le temps, notre s\u00e9lection \u00e9volue chaque jour, au gr\u00e9 du march\u00e9 et de notre<br>inspiration.<\/p>\n\n\n\n<p><strong>C\u2019est bon, c\u2019est beau, c\u2019est fait maison<\/strong><\/p>\n\n\n\n<p class=\"has-large-font-size\"><strong>Le brunch du dimanche<\/strong><\/p>\n\n\n\n<p>Le dimanche, on l\u00e8ve le pied.<\/p>\n\n\n\n<p>Place \u00e0 notre brunch \u00e0 32\u20ac, une exp\u00e9rience gourmande et conviviale pour bien d\u00e9marrer la journ\u00e9e. Viennoiseries, toutes les gourmandises qui font un agr\u00e9able petit d\u00e9jeuner , plats chauds, salades originales, desserts r\u00e9confortants\u2026 le tout dans une ambiance d\u00e9tendue, <strong>entre modernit\u00e9 et authenticit\u00e9<\/strong><\/p>\n\n\n\n<p>Un moment id\u00e9al \u00e0 partager en famille, entre amis, ou simplement pour se faire plaisir.<\/p>\n\n\n\n<figure class=\"wp-block-gallery has-nested-images columns-2 is-cropped wp-block-gallery-1 is-layout-flex wp-block-gallery-is-layout-flex\">\n<figure class=\"wp-block-image size-large\"><img loading=\"lazy\" decoding=\"async\" width=\"672\" height=\"1024\" data-id=\"2965\" src=\"https:\/\/www.labellemontoise.com\/wp-content\/uploads\/2020\/05\/Champagne-672x1024.jpg\" alt=\"\" class=\"wp-image-2965\" srcset=\"https:\/\/www.labellemontoise.com\/wp-content\/uploads\/2020\/05\/Champagne-672x1024.jpg 672w, https:\/\/www.labellemontoise.com\/wp-content\/uploads\/2020\/05\/Champagne-197x300.jpg 197w, https:\/\/www.labellemontoise.com\/wp-content\/uploads\/2020\/05\/Champagne-768x1170.jpg 768w, https:\/\/www.labellemontoise.com\/wp-content\/uploads\/2020\/05\/Champagne.jpg 875w\" sizes=\"auto, (max-width: 672px) 100vw, 672px\" \/><\/figure>\n\n\n\n<figure class=\"wp-block-image size-large\"><img loading=\"lazy\" decoding=\"async\" width=\"672\" height=\"1024\" data-id=\"2966\" src=\"https:\/\/www.labellemontoise.com\/wp-content\/uploads\/2020\/05\/Mousse-au-chocolat-672x1024.jpg\" alt=\"\" class=\"wp-image-2966\" srcset=\"https:\/\/www.labellemontoise.com\/wp-content\/uploads\/2020\/05\/Mousse-au-chocolat-672x1024.jpg 672w, https:\/\/www.labellemontoise.com\/wp-content\/uploads\/2020\/05\/Mousse-au-chocolat-197x300.jpg 197w, https:\/\/www.labellemontoise.com\/wp-content\/uploads\/2020\/05\/Mousse-au-chocolat-768x1170.jpg 768w, https:\/\/www.labellemontoise.com\/wp-content\/uploads\/2020\/05\/Mousse-au-chocolat.jpg 875w\" sizes=\"auto, (max-width: 672px) 100vw, 672px\" \/><\/figure>\n\n\n\n<figure class=\"wp-block-image size-large\"><img loading=\"lazy\" decoding=\"async\" width=\"672\" height=\"1024\" data-id=\"2967\" src=\"https:\/\/www.labellemontoise.com\/wp-content\/uploads\/2020\/05\/Rouget-672x1024.jpg\" alt=\"\" class=\"wp-image-2967\" srcset=\"https:\/\/www.labellemontoise.com\/wp-content\/uploads\/2020\/05\/Rouget-672x1024.jpg 672w, https:\/\/www.labellemontoise.com\/wp-content\/uploads\/2020\/05\/Rouget-197x300.jpg 197w, https:\/\/www.labellemontoise.com\/wp-content\/uploads\/2020\/05\/Rouget-768x1170.jpg 768w, https:\/\/www.labellemontoise.com\/wp-content\/uploads\/2020\/05\/Rouget.jpg 875w\" sizes=\"auto, (max-width: 672px) 100vw, 672px\" \/><\/figure>\n\n\n\n<figure class=\"wp-block-image size-large\"><img loading=\"lazy\" decoding=\"async\" width=\"221\" height=\"141\" data-id=\"2969\" src=\"https:\/\/www.labellemontoise.com\/wp-content\/uploads\/2016\/05\/Capture-d\u2019\u00e9cran-2025-07-17-065240.png\" alt=\"\" class=\"wp-image-2969\" srcset=\"https:\/\/www.labellemontoise.com\/wp-content\/uploads\/2016\/05\/Capture-d\u2019\u00e9cran-2025-07-17-065240.png 221w, https:\/\/www.labellemontoise.com\/wp-content\/uploads\/2016\/05\/Capture-d\u2019\u00e9cran-2025-07-17-065240-220x141.png 220w\" sizes=\"auto, (max-width: 221px) 100vw, 221px\" \/><\/figure>\n<\/figure>\n","protected":false},"excerpt":{"rendered":"<p>Buffet &amp; Saveurs: Unique \u00e0 Beaumont de Lomagne ! Le rendez-vous du midi En semaine, notre formule bu!et \u00e0 25\u20ac vous permet de d\u00e9jeuner \u00e0 votre rythme, sans compromis sur la qualit\u00e9. Que vous soyez press\u00e9 ou que vous souhaitiez prendre le temps, notre s\u00e9lection \u00e9volue chaque jour, au gr\u00e9 du march\u00e9 et de notreinspiration. [&hellip;]<\/p>\n","protected":false},"author":1,"featured_media":0,"parent":0,"menu_order":0,"comment_status":"closed","ping_status":"closed","template":"","meta":{"footnotes":""},"class_list":["post-2454","page","type-page","status-publish","hentry"],"_links":{"self":[{"href":"https:\/\/www.labellemontoise.com\/index.php\/wp-json\/wp\/v2\/pages\/2454","targetHints":{"allow":["GET"]}}],"collection":[{"href":"https:\/\/www.labellemontoise.com\/index.php\/wp-json\/wp\/v2\/pages"}],"about":[{"href":"https:\/\/www.labellemontoise.com\/index.php\/wp-json\/wp\/v2\/types\/page"}],"author":[{"embeddable":true,"href":"https:\/\/www.labellemontoise.com\/index.php\/wp-json\/wp\/v2\/users\/1"}],"replies":[{"embeddable":true,"href":"https:\/\/www.labellemontoise.com\/index.php\/wp-json\/wp\/v2\/comments?post=2454"}],"version-history":[{"count":188,"href":"https:\/\/www.labellemontoise.com\/index.php\/wp-json\/wp\/v2\/pages\/2454\/revisions"}],"predecessor-version":[{"id":3073,"href":"https:\/\/www.labellemontoise.com\/index.php\/wp-json\/wp\/v2\/pages\/2454\/revisions\/3073"}],"wp:attachment":[{"href":"https:\/\/www.labellemontoise.com\/index.php\/wp-json\/wp\/v2\/media?parent=2454"}],"curies":[{"name":"wp","href":"https:\/\/api.w.org\/{rel}","templated":true}]}}