{"id":1813,"date":"2016-05-14T07:34:22","date_gmt":"2016-05-14T06:34:22","guid":{"rendered":"http:\/\/www.labellemontoise.com\/?page_id=1813"},"modified":"2025-09-04T21:46:20","modified_gmt":"2025-09-04T20:46:20","slug":"vos-commentaires","status":"publish","type":"page","link":"https:\/\/www.labellemontoise.com\/index.php\/vos-commentaires\/","title":{"rendered":"VOS COMMENTAIRES"},"content":{"rendered":"\n<div class=\"wp-block-group is-nowrap is-layout-flex wp-container-core-group-is-layout-ad2f72ca wp-block-group-is-layout-flex\">\n<figure class=\"wp-block-image size-full is-resized\"><img loading=\"lazy\" decoding=\"async\" width=\"227\" height=\"222\" src=\"https:\/\/www.labellemontoise.com\/wp-content\/uploads\/2016\/05\/tripadvisor-1.png\" alt=\"\" class=\"wp-image-2831\" style=\"width:226px;height:auto\" srcset=\"https:\/\/www.labellemontoise.com\/wp-content\/uploads\/2016\/05\/tripadvisor-1.png 227w, https:\/\/www.labellemontoise.com\/wp-content\/uploads\/2016\/05\/tripadvisor-1-52x50.png 52w, https:\/\/www.labellemontoise.com\/wp-content\/uploads\/2016\/05\/tripadvisor-1-66x66.png 66w\" sizes=\"auto, (max-width: 227px) 100vw, 227px\" \/><\/figure>\n\n\n\n<figure class=\"wp-block-image size-full\"><img loading=\"lazy\" decoding=\"async\" width=\"450\" height=\"450\" src=\"https:\/\/www.labellemontoise.com\/wp-content\/uploads\/2017\/04\/restaurant-laballise-1.jpg\" alt=\"\" class=\"wp-image-2448\" srcset=\"https:\/\/www.labellemontoise.com\/wp-content\/uploads\/2017\/04\/restaurant-laballise-1.jpg 450w, https:\/\/www.labellemontoise.com\/wp-content\/uploads\/2017\/04\/restaurant-laballise-1-150x150.jpg 150w, https:\/\/www.labellemontoise.com\/wp-content\/uploads\/2017\/04\/restaurant-laballise-1-300x300.jpg 300w, https:\/\/www.labellemontoise.com\/wp-content\/uploads\/2017\/04\/restaurant-laballise-1-66x66.jpg 66w\" sizes=\"auto, (max-width: 450px) 100vw, 450px\" \/><\/figure>\n<\/div>\n\n\n\n<h2 class=\"wp-block-heading has-text-align-center\">Commentaires<\/h2>\n\n\n\n<hr class=\"wp-block-separator has-alpha-channel-opacity\"\/>\n\n\n\n<p>Votre avis est le reflet de votre exp\u00e9rience au sein de notre restaurant. Il compte \u00e9norm\u00e9ment pour nous, afin de nous am\u00e9liorer au jour le jour mais aussi de faire d\u00e9couvrir le<br>restaurant \u00e0 d\u2019autres personnes.<\/p>\n\n\n\n<p>Il est aussi important pour vous de connaitre les retours de nos clients afin de vous aider dans le choix de votre s\u00e9jour<\/p>\n\n\n\n<figure class=\"wp-block-image size-full\"><img loading=\"lazy\" decoding=\"async\" width=\"807\" height=\"407\" src=\"https:\/\/www.labellemontoise.com\/wp-content\/uploads\/2016\/05\/commentaire-1.png\" alt=\"\" class=\"wp-image-2921\" srcset=\"https:\/\/www.labellemontoise.com\/wp-content\/uploads\/2016\/05\/commentaire-1.png 807w, https:\/\/www.labellemontoise.com\/wp-content\/uploads\/2016\/05\/commentaire-1-300x151.png 300w, https:\/\/www.labellemontoise.com\/wp-content\/uploads\/2016\/05\/commentaire-1-768x387.png 768w, https:\/\/www.labellemontoise.com\/wp-content\/uploads\/2016\/05\/commentaire-1-540x272.png 540w\" sizes=\"auto, (max-width: 807px) 100vw, 807px\" \/><\/figure>\n\n\n\n<figure class=\"wp-block-image size-full\"><img loading=\"lazy\" decoding=\"async\" width=\"805\" height=\"359\" src=\"https:\/\/www.labellemontoise.com\/wp-content\/uploads\/2016\/05\/commentaire-2.png\" alt=\"\" class=\"wp-image-2922\" srcset=\"https:\/\/www.labellemontoise.com\/wp-content\/uploads\/2016\/05\/commentaire-2.png 805w, https:\/\/www.labellemontoise.com\/wp-content\/uploads\/2016\/05\/commentaire-2-300x134.png 300w, https:\/\/www.labellemontoise.com\/wp-content\/uploads\/2016\/05\/commentaire-2-768x342.png 768w\" sizes=\"auto, (max-width: 805px) 100vw, 805px\" \/><\/figure>\n\n\n\n<figure class=\"wp-block-image size-full\"><img loading=\"lazy\" decoding=\"async\" width=\"802\" height=\"315\" src=\"https:\/\/www.labellemontoise.com\/wp-content\/uploads\/2016\/05\/commentaire-3.png\" alt=\"\" class=\"wp-image-2923\" srcset=\"https:\/\/www.labellemontoise.com\/wp-content\/uploads\/2016\/05\/commentaire-3.png 802w, https:\/\/www.labellemontoise.com\/wp-content\/uploads\/2016\/05\/commentaire-3-300x118.png 300w, https:\/\/www.labellemontoise.com\/wp-content\/uploads\/2016\/05\/commentaire-3-768x302.png 768w\" sizes=\"auto, (max-width: 802px) 100vw, 802px\" \/><\/figure>\n","protected":false},"excerpt":{"rendered":"<p>Commentaires Votre avis est le reflet de votre exp\u00e9rience au sein de notre restaurant. Il compte \u00e9norm\u00e9ment pour nous, afin de nous am\u00e9liorer au jour le jour mais aussi de faire d\u00e9couvrir lerestaurant \u00e0 d\u2019autres personnes. Il est aussi important pour vous de connaitre les retours de nos clients afin de vous aider dans le [&hellip;]<\/p>\n","protected":false},"author":1,"featured_media":0,"parent":0,"menu_order":0,"comment_status":"closed","ping_status":"closed","template":"","meta":{"footnotes":""},"class_list":["post-1813","page","type-page","status-publish","hentry"],"_links":{"self":[{"href":"https:\/\/www.labellemontoise.com\/index.php\/wp-json\/wp\/v2\/pages\/1813","targetHints":{"allow":["GET"]}}],"collection":[{"href":"https:\/\/www.labellemontoise.com\/index.php\/wp-json\/wp\/v2\/pages"}],"about":[{"href":"https:\/\/www.labellemontoise.com\/index.php\/wp-json\/wp\/v2\/types\/page"}],"author":[{"embeddable":true,"href":"https:\/\/www.labellemontoise.com\/index.php\/wp-json\/wp\/v2\/users\/1"}],"replies":[{"embeddable":true,"href":"https:\/\/www.labellemontoise.com\/index.php\/wp-json\/wp\/v2\/comments?post=1813"}],"version-history":[{"count":47,"href":"https:\/\/www.labellemontoise.com\/index.php\/wp-json\/wp\/v2\/pages\/1813\/revisions"}],"predecessor-version":[{"id":3052,"href":"https:\/\/www.labellemontoise.com\/index.php\/wp-json\/wp\/v2\/pages\/1813\/revisions\/3052"}],"wp:attachment":[{"href":"https:\/\/www.labellemontoise.com\/index.php\/wp-json\/wp\/v2\/media?parent=1813"}],"curies":[{"name":"wp","href":"https:\/\/api.w.org\/{rel}","templated":true}]}}