{"id":1772,"date":"2016-05-13T13:24:43","date_gmt":"2016-05-13T12:24:43","guid":{"rendered":"http:\/\/www.labellemontoise.com\/?page_id=1772"},"modified":"2026-04-02T08:22:24","modified_gmt":"2026-04-02T07:22:24","slug":"home-2","status":"publish","type":"page","link":"https:\/\/www.labellemontoise.com\/index.php\/home-2\/","title":{"rendered":""},"content":{"rendered":"\n<figure class=\"wp-block-image size-large\"><img loading=\"lazy\" decoding=\"async\" width=\"1024\" height=\"672\" src=\"https:\/\/www.labellemontoise.com\/wp-content\/uploads\/2016\/05\/Morilles-2-1024x672.jpg\" alt=\"\" class=\"wp-image-2953\" srcset=\"https:\/\/www.labellemontoise.com\/wp-content\/uploads\/2016\/05\/Morilles-2-1024x672.jpg 1024w, https:\/\/www.labellemontoise.com\/wp-content\/uploads\/2016\/05\/Morilles-2-300x197.jpg 300w, https:\/\/www.labellemontoise.com\/wp-content\/uploads\/2016\/05\/Morilles-2-768x504.jpg 768w, https:\/\/www.labellemontoise.com\/wp-content\/uploads\/2016\/05\/Morilles-2.jpg 1333w\" sizes=\"auto, (max-width: 1024px) 100vw, 1024px\" \/><\/figure>\n\n\n\n<h2 class=\"wp-block-heading\">La Belle Montoise \u00e9volue !<\/h2>\n\n\n\n<hr class=\"wp-block-separator has-alpha-channel-opacity is-style-wide\"\/>\n\n\n\n<p>Apr\u00e8s avoir pratiqu\u00e9 le m\u00e9tier de Chef de Cuisine pour des h\u00f4tels et chaines de renomm\u00e9e internationale, fort de l\u2019exp\u00e9rience de directeur de la restauration, ainsi que directeur op\u00e9rationnel dans un h\u00f4tel 5 \u00e9toiles, j\u2019ai cr\u00e9e mon entreprise, La Belle Montoise, Restaurant dans le Tarn et Garonne.<\/p>\n\n\n\n<p class=\"has-large-font-size\"><strong>Un nouveau souffle, la m\u00eame exigence<\/strong><\/p>\n\n\n\n<p>Depuis pr\u00e8s de 10 ans, notre restaurant s\u2019est forg\u00e9 une r\u00e9putation solide autour d\u2019une cuisine semi-gastronomique, salu\u00e9e par nos clients avec une note exceptionnelle de <strong>4,9\/5 sur Tripadvisor<\/strong> . Aujourd\u2019hui, nous tournons une nouvelle page avec un concept repens\u00e9, moderne et g\u00e9n\u00e9reux :<strong> un buffet de qualit\u00e9<\/strong>, <strong>du lundi au vendredi midi<\/strong> \u00e0 <strong>25\u20ac<\/strong>, et <strong>un brunch dominical \u00e0 32\u20ac<\/strong>.<\/p>\n\n\n\n<p>Une \u00e9volution audacieuse, mais toujours port\u00e9e par <strong>la m\u00eame passion<\/strong>,<strong> la m\u00eame exigence<\/strong>, et<strong> le respect du produit<\/strong>.<\/p>\n\n\n\n<hr class=\"wp-block-separator has-alpha-channel-opacity\"\/>\n\n\n\n<figure class=\"wp-block-image size-large\"><img loading=\"lazy\" decoding=\"async\" width=\"672\" height=\"1024\" src=\"https:\/\/www.labellemontoise.com\/wp-content\/uploads\/2016\/05\/Mousse-de-caf\u00e9-3-672x1024.jpg\" alt=\"\" class=\"wp-image-2950\" srcset=\"https:\/\/www.labellemontoise.com\/wp-content\/uploads\/2016\/05\/Mousse-de-caf\u00e9-3-672x1024.jpg 672w, https:\/\/www.labellemontoise.com\/wp-content\/uploads\/2016\/05\/Mousse-de-caf\u00e9-3-197x300.jpg 197w, https:\/\/www.labellemontoise.com\/wp-content\/uploads\/2016\/05\/Mousse-de-caf\u00e9-3-768x1170.jpg 768w, https:\/\/www.labellemontoise.com\/wp-content\/uploads\/2016\/05\/Mousse-de-caf\u00e9-3.jpg 875w\" sizes=\"auto, (max-width: 672px) 100vw, 672px\" \/><\/figure>\n\n\n\n<figure class=\"wp-block-image size-large\"><img loading=\"lazy\" decoding=\"async\" width=\"672\" height=\"1024\" src=\"https:\/\/www.labellemontoise.com\/wp-content\/uploads\/2016\/05\/Buffet-sal\u00e9-3-672x1024.jpg\" alt=\"\" class=\"wp-image-2951\" srcset=\"https:\/\/www.labellemontoise.com\/wp-content\/uploads\/2016\/05\/Buffet-sal\u00e9-3-672x1024.jpg 672w, https:\/\/www.labellemontoise.com\/wp-content\/uploads\/2016\/05\/Buffet-sal\u00e9-3-197x300.jpg 197w, https:\/\/www.labellemontoise.com\/wp-content\/uploads\/2016\/05\/Buffet-sal\u00e9-3-768x1170.jpg 768w, https:\/\/www.labellemontoise.com\/wp-content\/uploads\/2016\/05\/Buffet-sal\u00e9-3.jpg 875w\" sizes=\"auto, (max-width: 672px) 100vw, 672px\" \/><\/figure>\n\n\n\n<figure class=\"wp-block-image size-large\"><img loading=\"lazy\" decoding=\"async\" width=\"672\" height=\"1024\" src=\"https:\/\/www.labellemontoise.com\/wp-content\/uploads\/2016\/05\/Agneau-3-672x1024.jpg\" alt=\"\" class=\"wp-image-2952\" srcset=\"https:\/\/www.labellemontoise.com\/wp-content\/uploads\/2016\/05\/Agneau-3-672x1024.jpg 672w, https:\/\/www.labellemontoise.com\/wp-content\/uploads\/2016\/05\/Agneau-3-197x300.jpg 197w, https:\/\/www.labellemontoise.com\/wp-content\/uploads\/2016\/05\/Agneau-3-768x1170.jpg 768w, https:\/\/www.labellemontoise.com\/wp-content\/uploads\/2016\/05\/Agneau-3.jpg 875w\" sizes=\"auto, (max-width: 672px) 100vw, 672px\" \/><\/figure>\n\n\n\n<p><\/p>\n","protected":false},"excerpt":{"rendered":"<p>La Belle Montoise \u00e9volue ! Apr\u00e8s avoir pratiqu\u00e9 le m\u00e9tier de Chef de Cuisine pour des h\u00f4tels et chaines de renomm\u00e9e internationale, fort de l\u2019exp\u00e9rience de directeur de la restauration, ainsi que directeur op\u00e9rationnel dans un h\u00f4tel 5 \u00e9toiles, j\u2019ai cr\u00e9e mon entreprise, La Belle Montoise, Restaurant dans le Tarn et Garonne. Un nouveau souffle, [&hellip;]<\/p>\n","protected":false},"author":1,"featured_media":0,"parent":0,"menu_order":0,"comment_status":"closed","ping_status":"closed","template":"","meta":{"footnotes":""},"class_list":["post-1772","page","type-page","status-publish","hentry"],"_links":{"self":[{"href":"https:\/\/www.labellemontoise.com\/index.php\/wp-json\/wp\/v2\/pages\/1772","targetHints":{"allow":["GET"]}}],"collection":[{"href":"https:\/\/www.labellemontoise.com\/index.php\/wp-json\/wp\/v2\/pages"}],"about":[{"href":"https:\/\/www.labellemontoise.com\/index.php\/wp-json\/wp\/v2\/types\/page"}],"author":[{"embeddable":true,"href":"https:\/\/www.labellemontoise.com\/index.php\/wp-json\/wp\/v2\/users\/1"}],"replies":[{"embeddable":true,"href":"https:\/\/www.labellemontoise.com\/index.php\/wp-json\/wp\/v2\/comments?post=1772"}],"version-history":[{"count":45,"href":"https:\/\/www.labellemontoise.com\/index.php\/wp-json\/wp\/v2\/pages\/1772\/revisions"}],"predecessor-version":[{"id":3074,"href":"https:\/\/www.labellemontoise.com\/index.php\/wp-json\/wp\/v2\/pages\/1772\/revisions\/3074"}],"wp:attachment":[{"href":"https:\/\/www.labellemontoise.com\/index.php\/wp-json\/wp\/v2\/media?parent=1772"}],"curies":[{"name":"wp","href":"https:\/\/api.w.org\/{rel}","templated":true}]}}

<figure class="wp-block-image size-large"><img loading="lazy" decoding="async" width="1024" height="672" src="https://www.labellemontoise.com/wp-content/uploads/2016/05/Morilles-2-1024x672.jpg" alt="" class="wp-image-2953" srcset="https://www.labellemontoise.com/wp-content/uploads/2016/05/Morilles-2-1024x672.jpg 1024w, https://www.labellemontoise.com/wp-content/uploads/2016/05/Morilles-2-300x197.jpg 300w, https://www.labellemontoise.com/wp-content/uploads/2016/05/Morilles-2-768x504.jpg 768w, https://www.labellemontoise.com/wp-content/uploads/2016/05/Morilles-2.jpg 1333w" sizes="auto, (max-width: 1024px) 100vw, 1024px" /></figure>



<h2 class="wp-block-heading">La Belle Montoise évolue !</h2>



<hr class="wp-block-separator has-alpha-channel-opacity is-style-wide"/>



<p>Après avoir pratiqué le métier de Chef de Cuisine pour des hôtels et chaines de renommée internationale, fort de l’expérience de directeur de la restauration, ainsi que directeur opérationnel dans un hôtel 5 étoiles, j’ai crée mon entreprise, La Belle Montoise, Restaurant dans le Tarn et Garonne.</p>



<p class="has-large-font-size"><strong>Un nouveau souffle, la même exigence</strong></p>



<p>Depuis près de 10 ans, notre restaurant s’est forgé une réputation solide autour d’une cuisine semi-gastronomique, saluée par nos clients avec une note exceptionnelle de <strong>4,9/5 sur Tripadvisor</strong> . Aujourd’hui, nous tournons une nouvelle page avec un concept repensé, moderne et généreux :<strong> un buffet de qualité</strong>, <strong>du lundi au vendredi midi</strong> à <strong>25€</strong>, et <strong>un brunch dominical à 32€</strong>.</p>



<p>Une évolution audacieuse, mais toujours portée par <strong>la même passion</strong>,<strong> la même exigence</strong>, et<strong> le respect du produit</strong>.</p>



<hr class="wp-block-separator has-alpha-channel-opacity"/>



<figure class="wp-block-image size-large"><img loading="lazy" decoding="async" width="672" height="1024" src="https://www.labellemontoise.com/wp-content/uploads/2016/05/Mousse-de-café-3-672x1024.jpg" alt="" class="wp-image-2950" srcset="https://www.labellemontoise.com/wp-content/uploads/2016/05/Mousse-de-café-3-672x1024.jpg 672w, https://www.labellemontoise.com/wp-content/uploads/2016/05/Mousse-de-café-3-197x300.jpg 197w, https://www.labellemontoise.com/wp-content/uploads/2016/05/Mousse-de-café-3-768x1170.jpg 768w, https://www.labellemontoise.com/wp-content/uploads/2016/05/Mousse-de-café-3.jpg 875w" sizes="auto, (max-width: 672px) 100vw, 672px" /></figure>



<figure class="wp-block-image size-large"><img loading="lazy" decoding="async" width="672" height="1024" src="https://www.labellemontoise.com/wp-content/uploads/2016/05/Buffet-salé-3-672x1024.jpg" alt="" class="wp-image-2951" srcset="https://www.labellemontoise.com/wp-content/uploads/2016/05/Buffet-salé-3-672x1024.jpg 672w, https://www.labellemontoise.com/wp-content/uploads/2016/05/Buffet-salé-3-197x300.jpg 197w, https://www.labellemontoise.com/wp-content/uploads/2016/05/Buffet-salé-3-768x1170.jpg 768w, https://www.labellemontoise.com/wp-content/uploads/2016/05/Buffet-salé-3.jpg 875w" sizes="auto, (max-width: 672px) 100vw, 672px" /></figure>



<figure class="wp-block-image size-large"><img loading="lazy" decoding="async" width="672" height="1024" src="https://www.labellemontoise.com/wp-content/uploads/2016/05/Agneau-3-672x1024.jpg" alt="" class="wp-image-2952" srcset="https://www.labellemontoise.com/wp-content/uploads/2016/05/Agneau-3-672x1024.jpg 672w, https://www.labellemontoise.com/wp-content/uploads/2016/05/Agneau-3-197x300.jpg 197w, https://www.labellemontoise.com/wp-content/uploads/2016/05/Agneau-3-768x1170.jpg 768w, https://www.labellemontoise.com/wp-content/uploads/2016/05/Agneau-3.jpg 875w" sizes="auto, (max-width: 672px) 100vw, 672px" /></figure>



<p></p>

<p>La Belle Montoise évolue ! Après avoir pratiqué le métier de Chef de Cuisine pour des hôtels et chaines de renommée internationale, fort de l’expérience de directeur de la restauration, ainsi que directeur opérationnel dans un hôtel 5 étoiles, j’ai crée mon entreprise, La Belle Montoise, Restaurant dans le Tarn et Garonne. Un nouveau souffle, [&hellip;]</p>
